{"id":11,"date":"2013-04-18T14:17:26","date_gmt":"2013-04-18T14:17:26","guid":{"rendered":"http:\/\/jetzt-oder-nie.co\/?page_id=11"},"modified":"2013-05-04T16:36:53","modified_gmt":"2013-05-04T14:36:53","slug":"standesamt","status":"publish","type":"page","link":"http:\/\/jetzt-oder-nie.co\/?page_id=11","title":{"rendered":"Standesamt"},"content":{"rendered":"<p>Die standesamtliche Trauung findet am 19.07.2013 um 11.00 Uhr in der Fr\u00f6belstra\u00dfe 17 (Haus 2) in 10405 Berlin statt. Damit auch alle rechtzeitig den Weg zu uns finden, w\u00fcrden uns gerne mit Euch bereits um 10.30 Uhr vor dem Eingang zu Haus 2 treffen.<\/p>\n<p>Im Gro\u00dfteil des Bezirks findet eine Parkraumbewirtschaftung statt, es empfiehlt sich daher entweder mit dem Taxi oder den <a title=\"Alles weitere\" href=\"http:\/\/jetzt-oder-nie.co\/?page_id=149\" target=\"_blank\">\u00f6ffentlichen Verkehrsmitteln<\/a> zu kommen. In unmittelbarer N\u00e4he zum Standesamt befinden sich folgende Haltestellen des \u00f6ffentl. Nahverkehrs:<\/p>\n<p>&#8222;Fr\u00f6belstra\u00dfe&#8220; &#8211; Tram Linie &#8222;<em>M2<\/em>&#8220; &#8211; Fussweg ca. 10 Minuten.<br \/>\n&#8222;Prenzlauer Allee&#8220; &#8211; S-Bahn Linien &#8222;<em>Ring S41<\/em>&#8222;, &#8222;<em>Ring S42<\/em>&#8222;, &#8222;<em>S2<\/em>&#8220; und &#8222;<em>S8<\/em>&#8220; &#8211; Fussweg ca. 15 Minuten.<\/p>\n<p><a href=\"https:\/\/maps.google.de\/maps\/ms?msid=204484250168431175430.0004dadf296f37cbe7481&amp;msa=0&amp;ll=52.541663,13.427916&amp;spn=0.002737,0.008256\" target=\"_blank\">Lageplan und Wegbeschreibung Standesamt Fr\u00f6belstra\u00dfe<\/a><\/p>\n","protected":false},"excerpt":{"rendered":"<p>Die standesamtliche Trauung findet am 19.07.2013 um 11.00 Uhr in der Fr\u00f6belstra\u00dfe 17 (Haus 2) in 10405 Berlin statt. Damit auch alle rechtzeitig den Weg zu uns finden, w\u00fcrden uns gerne mit Euch bereits um 10.30 Uhr vor dem Eingang zu Haus 2 treffen. Im Gro\u00dfteil des Bezirks findet eine&nbsp; <a href=\"http:\/\/jetzt-oder-nie.co\/?page_id=11\" title=\"Read more Standesamt\">Read more &raquo;<\/a><\/p>\n","protected":false},"author":1,"featured_media":0,"parent":10,"menu_order":0,"comment_status":"closed","ping_status":"closed","template":"","meta":{"ngg_post_thumbnail":0},"_links":{"self":[{"href":"http:\/\/jetzt-oder-nie.co\/index.php?rest_route=\/wp\/v2\/pages\/11"}],"collection":[{"href":"http:\/\/jetzt-oder-nie.co\/index.php?rest_route=\/wp\/v2\/pages"}],"about":[{"href":"http:\/\/jetzt-oder-nie.co\/index.php?rest_route=\/wp\/v2\/types\/page"}],"author":[{"embeddable":true,"href":"http:\/\/jetzt-oder-nie.co\/index.php?rest_route=\/wp\/v2\/users\/1"}],"replies":[{"embeddable":true,"href":"http:\/\/jetzt-oder-nie.co\/index.php?rest_route=%2Fwp%2Fv2%2Fcomments&post=11"}],"version-history":[{"count":33,"href":"http:\/\/jetzt-oder-nie.co\/index.php?rest_route=\/wp\/v2\/pages\/11\/revisions"}],"predecessor-version":[{"id":90,"href":"http:\/\/jetzt-oder-nie.co\/index.php?rest_route=\/wp\/v2\/pages\/11\/revisions\/90"}],"up":[{"embeddable":true,"href":"http:\/\/jetzt-oder-nie.co\/index.php?rest_route=\/wp\/v2\/pages\/10"}],"wp:attachment":[{"href":"http:\/\/jetzt-oder-nie.co\/index.php?rest_route=%2Fwp%2Fv2%2Fmedia&parent=11"}],"curies":[{"name":"wp","href":"https:\/\/api.w.org\/{rel}","templated":true}]}}